6). Let t = x - -149. What is the tens digit of t?
5
Let i(d) = 14*d - 10*d + 222 - 25*d**3 + 26*d**3. What is the units digit of i(0)?
2
Suppose 5*f = 175 + 365. Suppose f = 6*y - 2*y. Suppose 0 = j - y - 13. What is the tens digit of j?
4
Suppose -77434 - 5922 = -14*k. What is the tens digit of k?
5
Suppose 3*u - 659 = -q, 4*u - 2264 - 396 = -4*q. What is the units digit of q?
8
Suppose -64*g = -68183 - 48873. What is the tens digit of g?
2
Let m = -14 - -20. Let o be 7/42 + (-313)/m. Let b = 5 - o. What is the units digit of b?
7
What is the units digit of (5604*1/(-8))/((-6)/28)?
9
Let s(q) = 11*q**2 + 2*q + 3. Let o be s(-2). Let g = o + 28. What is the units digit of g - 0/4 - -2?
3
Let o(j) be the first derivative of -3*j**4/2 - j**3/3 - j**2/2 - j - 3. Suppose -r = -3, 0*f - 2*r = -f - 7. What is the units digit of o(f)?
5
Suppose g + 3*g = -460. Let s = g - -182. What is the tens digit of s?
6
Let w(k) = 2*k - 2. Let a be w(1). Suppose g - 45 = 3*y, a = 4*g - 6*y + 3*y - 153. What is the tens digit of g?
3
Suppose -272 = 5*i - 1287. Suppose y + 6*v - i = 4*v, 5*v = y - 238. Suppose -4*l + 2*a + 217 - 55 = 0, 5*l = -a + y. What is the units digit of l?
2
Let s(m) = 13*m**3 + 2*m**2 - m. Let p(j) = 5 + 3*j + 3*j - 6*j - j. Let g be p(4). What is the units digit of s(g)?
4
Let y(d) be the second derivative of 31*d**3/6 - d**2 - 5*d. What is the units digit of y(1)?
9
Let p = -38 + 40. Suppose -p*d + 371 = 5*z, 0*d = 4*z - d - 289. What is the tens digit of z?
7
What is the tens digit of (-46)/(5/40*-1)?
6
Suppose -4*k + 4*w - w - 55 = 0, 0 = k + 2*w. What is the tens digit of (-85)/34*372/k?
9
Let w = 817 - 565. Suppose 27*x + w = 33*x. What is the tens digit of x?
4
Let l(z) = -38*z + 232. What is the hundreds digit of l(-32)?
4
Suppose 4*s = 3*y - 353, 0 = -y - 3*s + 30 + 92. Suppose 7 = -2*d + y. Suppose -4*h = -0*h - d. What is the units digit of h?
4
Let h(x) = x**2 + 3*x + 12. What is the tens digit of h(-4)?
1
Let q = -304 - -495. Let b = 322 - q. What is the hundreds digit of b?
1
Let t = 1094 - 599. Let x = t - 296. What is the tens digit of x?
9
Let j = 24 + -22. Let v be 0 + j - -3 - 1. Suppose -v*y = -2*y - 158. What is the tens digit of y?
7
Suppose -j + 10 = i, -j - 6 = i + 4*j. Let w(n) = n**2 - 7*n + 2. What is the hundreds digit of w(i)?
1
Suppose -149 = -4*b - 6*u + u, 0 = -3*u - 9. What is the units digit of b?
1
Suppose 622 = -11*a - 852. Let n = -109 - a. What is the tens digit of n?
2
Suppose -1482*g = -1476*g - 180. Let p = 1 + -1. Let n = p + g. What is the units digit of n?
0
What is the hundreds digit of 54/((-12)/16 - -1)?
2
Let j = -38 - -32. Let d be 0/(-3) + j/(-2). Suppose d = 3*f - 3*m - 108, 4*f - 3*m = 143. What is the units digit of f?
2
Suppose -18 = i + 5*t, -6*i + 12 = -5*i - t. Let f(p) = -p + 13. What is the units digit of f(i)?
6
Let y = 2503 + -1315. What is the tens digit of y?
8
What is the units digit of (-299316)/(-96) + (-5)/(-200)*5?
8
Let c(g) = 66*g**2 + g. Let j be c(1). Let n = j + -47. Suppose -r = 0, 0*r + n = 5*d + 3*r. What is the units digit of d?
4
Let p = 8 + -71. Let t = 107 + p. Let g = t - 15. What is the tens digit of g?
2
Let u(v) = 473*v**3 - 3*v**2 + 9*v - 23. What is the thousands digit of u(2)?
3
Let q = 675 - 423. What is the units digit of q?
2
Suppose 2*i - 5*j + 23 = -2*i, 5*j = 3*i + 21. What is the units digit of i/((-6)/15) + -3?
2
Suppose -8*l - 5*l = -5174. What is the hundreds digit of l?
3
Let b(r) = r**2 + 19*r + 901. What is the tens digit of b(0)?
0
Let b = 27 + -20. Let j = 9 - b. Suppose -j*f = 2*y - 32, -2*y + 3*f - 12 = -3*y. What is the tens digit of y?
1
Suppose 4*i = 2*i + 1422. What is the units digit of i?
1
Let y be 41 + ((-2)/(-1) - -1). Let x = y - -42. What is the units digit of x?
6
Suppose 2*x = -98 - 108. Let q = x + 148. What is the tens digit of q?
4
Suppose 2*c = -5*r + 1876, 0 = 3*c + 2*c + 10. What is the hundreds digit of r?
3
Let i(z) = z**3 + 2*z**2 + z - 2. Suppose j + 2 = -0. Let q be i(j). Let w = q + 11. What is the units digit of w?
7
Let n(d) = -d**3 + 13*d**2 - 12*d - 2. Let o be n(12). What is the units digit of ((-8)/o)/((-52)/(-3198))?
6
Let i = 10 - -360. What is the units digit of i?
0
Let p = 376 + -98. What is the units digit of p?
8
Let t = 85 - 135. Let d be (9/5)/(10/t). Let f(j) = -6*j - 13. What is the units digit of f(d)?
1
Let a = 126 - -262. Suppose -3*b + l = -557, 0 = -0*b - 2*b + 4*l + a. What is the units digit of b?
4
Let c(s) = s**3 - 13*s**2 - 2*s + 31. Let q be c(13). Suppose 4*t = -3*u + 307, -u = q*t + u - 389. What is the units digit of t?
9
Suppose 1470 = 7*q + 98. What is the tens digit of q?
9
Let k be (1 + 3)/(-4) + 5. Suppose k*h = 32 + 52. Suppose n - 3 = h. What is the tens digit of n?
2
Let a(x) = -311*x**2 - 2*x. Let b(k) = -155*k**2 - k. Let m(u) = -3*a(u) + 5*b(u). What is the units digit of m(-1)?
7
Let w(x) = -35*x + 1. Let d(c) = c**3 + 6*c**2 + 6*c + 6. Let m be d(-5). Let i be w(m). Let r = 100 + i. What is the tens digit of r?
6
Suppose 16*i = 3*h + 19*i - 5511, -5*i - 7348 = -4*h. What is the tens digit of h?
3
Suppose 62 = -l - 4*s, 42 = 3*l - 4*l + s. Let h be 6 + (-1 - (8/4 - -4)). What is the tens digit of (-2 - h)/(2/l)?
2
Suppose 14*c - 8579 = -9*c. What is the tens digit of c?
7
Let f = 23 - 21. Suppose f*v + 3 = 117. What is the units digit of v?
7
Let n be 0 + 3 + -2 - -3. Suppose -2*u + n*u = 60. What is the units digit of 10/u*15*1?
5
Let h = -144 + 259. Let k = h - 69. What is the tens digit of k?
4
Let b(v) = -6*v - 4. Let i be b(4). What is the units digit of 36/21 - 8/i?
2
Suppose 3*t - 10053 = n, -n = 4*n + 15. What is the tens digit of t?
5
Let b = -123 + 198. Suppose -4*k + 9*k = b. Suppose 5*s = -2*j + 34, 0 = 3*j + 3*s - 36 - k. What is the units digit of j?
7
Suppose c - 6 + 0 = 0. Suppose 0 = c*s - 1125 + 219. Let g = -100 + s. What is the units digit of g?
1
Let x = -378 + 606. What is the units digit of x?
8
Let q(y) be the first derivative of y**4/4 - 8*y**3/3 + 2*y**2 - 2*y + 1. Suppose -10*i = -13*i + 24. What is the tens digit of q(i)?
3
Let x(z) = -z**3 + 5*z**2 - 4. Let b be x(4). Let y = b + -11. Suppose u = y - 0. What is the units digit of u?
1
Suppose 6 = 11*s - 8*s. What is the hundreds digit of (1/s + 0)*(-26 + 230)?
1
Suppose -6*c - 5*c + 7084 = 0. What is the tens digit of c?
4
What is the units digit of ((-69)/6 + -2)*(-13 - -11)?
7
Let h(y) = -y**3 - 19*y**2 + 17*y - 22. Suppose 1 = r - 5*p + 13, -p + 156 = -5*r. Let n = 12 + r. What is the tens digit of h(n)?
3
Let j be (8 - 6)*(59 - 0). Suppose -5*g + 482 = -j. Let p = -86 + g. What is the tens digit of p?
3
Let f = 107 - 437. What is the units digit of f/(-44)*(25/3 + -1)?
5
Suppose 2*q + r = 5683, -3*q - 8*r = -11*r - 8511. What is the tens digit of q?
4
Let x(f) = -3*f**2 + 70. Let n(i) = 2*i**2 - 35. Let l(u) = 5*n(u) + 3*x(u). What is the units digit of l(0)?
5
Suppose 5*k + 15 = -5. Let j be 1 + k - (1 - 9). Suppose -j*i + 85 = 15. What is the tens digit of i?
1
Let i(s) = 40*s - 104. What is the tens digit of i(13)?
1
Suppose -14*m + 5950 = -79968. What is the hundreds digit of m?
1
Let i = 2873 + -1786. What is the hundreds digit of i?
0
Let k = 10130 + -6498. What is the tens digit of k?
3
Suppose f - 2*b + 13 = 6*f, 0 = f + 5*b - 21. Let p(g) = 0 - 1 - f - 7*g. What is the units digit of p(-4)?
6
Let b = 103 + -98. What is the units digit of b?
5
Suppose 2 = 2*n - 2. Suppose 2*d = -n*d - 3*m + 828, -3*d + 2*m + 638 = 0. Suppose 55 = -5*r + d. What is the tens digit of r?
3
Suppose -o - 9 = -12. Suppose -o*w + 4 = -311. What is the tens digit of w?
0
Let o(a) = 18*a + 2. Let x be o(-3). Let y = -33 - -35. What is the units digit of y/(-8) + (-1625)/x?
1
Suppose -4*t + 12 = 2*j, 4*t = 4*j - 0*j. Suppose 0 = -5*g + 4*h + 600, 4*g - 449 = -t*h - h. Let c = g + -71. What is the units digit of c?
5
Let s be -1 + -3 - (-3 + -113). Suppose -4*l = -0*l - s. What is the tens digit of l?
2
Suppose 6 = 4*i - 6. Suppose -z + 2 + i = 0. What is the units digit of z?
5
Suppose -2*l - 2 = 7*b - 2*b, 5 = -4*b - 5*l. Suppose 5*c - c - z - 466 = 0, b = -3*c + 3*z + 345. What is the hundreds digit of c?
1
Let d = 125 + -107. Suppose -20 = -4*k - k. Suppose 6*v - d = k*v. What is the units digit of